{"id":2502,"date":"2023-03-16T14:06:26","date_gmt":"2023-03-16T14:06:26","guid":{"rendered":"http:\/\/nfa.com.tr\/?page_id=2502"},"modified":"2023-03-29T08:44:59","modified_gmt":"2023-03-29T08:44:59","slug":"kvkk","status":"publish","type":"page","link":"https:\/\/nfa.com.tr\/index.php\/kvkk\/","title":{"rendered":"KVKK"},"content":{"rendered":"<div class=\"fusion-fullwidth fullwidth-box fusion-builder-row-1 fusion-flex-container has-pattern-background has-mask-background nonhundred-percent-fullwidth non-hundred-percent-height-scrolling\" style=\"--awb-border-radius-top-left:0px;--awb-border-radius-top-right:0px;--awb-border-radius-bottom-right:0px;--awb-border-radius-bottom-left:0px;--awb-background-color:#ffffff;\" ><div class=\"fusion-builder-row fusion-row fusion-flex-align-items-center\" style=\"max-width:1248px;margin-left: calc(-4% \/ 2 );margin-right: calc(-4% \/ 2 );\"><div class=\"fusion-layout-column fusion_builder_column fusion-builder-column-0 fusion_builder_column_1_1 1_1 fusion-flex-column\" style=\"--awb-bg-size:cover;--awb-width-large:100%;--awb-margin-top-large:0px;--awb-spacing-right-large:1.92%;--awb-margin-bottom-large:20px;--awb-spacing-left-large:1.92%;--awb-width-medium:100%;--awb-order-medium:0;--awb-spacing-right-medium:1.92%;--awb-spacing-left-medium:1.92%;--awb-width-small:100%;--awb-order-small:0;--awb-spacing-right-small:1.92%;--awb-spacing-left-small:1.92%;\"><div class=\"fusion-column-wrapper fusion-column-has-shadow fusion-flex-justify-content-flex-start fusion-content-layout-column\"><div class=\"fusion-content-boxes content-boxes columns row fusion-columns-1 fusion-columns-total-1 fusion-content-boxes-1 content-boxes-icon-with-title content-left\" style=\"--awb-margin-top:120px;--awb-hover-accent-color:var(--awb-color4);--awb-circle-hover-accent-color:var(--awb-color4);--awb-item-margin-bottom:40px;\" data-animationOffset=\"top-into-view\"><div style=\"--awb-backgroundcolor:rgba(255,255,255,0);\" class=\"fusion-column content-box-column content-box-column content-box-column-1 col-lg-12 col-md-12 col-sm-12 fusion-content-box-hover content-box-column-last content-box-column-last-in-row\"><div class=\"col content-box-wrapper content-wrapper link-area-link-icon content-icon-wrapper-yes icon-hover-animation-fade\" data-animationOffset=\"top-into-view\"><div class=\"fusion-clearfix\"><\/div><div class=\"content-container\">\n<p>NFA \u0130LA\u00c7 K\u0130MYA SANAY\u0130 VE\u00a0 T\u0130C. LTD. \u015eT\u0130. (\u201cNFA\u201d) olarak ki\u015fisel verilerin korunmas\u0131na azami miktarda \u00f6nem verdi\u011fimizi belirtmek isteriz. NFA olarak web sitemize eri\u015fmi\u015f olan ziyaret\u00e7ilerimize ili\u015fkin ki\u015fisel verileri, 6698 say\u0131l\u0131 Ki\u015fisel Verilerin Korunmas\u0131 Kanununa (KVKK), ilgili di\u011fer mevzuata, Ki\u015fisel Verileri Koruma Kurulu ilke kararlar\u0131na uygun \u015fekilde i\u015flemekteyiz. Ki\u015fisel verilerinizin toplanma tarz\u0131, verilerinizin i\u015flenme ama\u00e7lar\u0131, hukuki sebepleri ve KVKK m.11 uyar\u0131nca haklar\u0131n\u0131z ve veri sorumlusuna ba\u015fvuru usul\u00fc konular\u0131nda sizlere bilgi vermek isteriz.<\/p>\n<p><strong>1. Ki\u015fisel Veri<\/strong><br \/>\nKVKK m.3\/1-d uyar\u0131nca ki\u015fisel veri, kimli\u011fi belirli veya belirlenebilir ger\u00e7ek ki\u015fiye ili\u015fkin her t\u00fcrl\u00fc bilgidir. NFA olarak, veri sorumlusu s\u0131fat\u0131 ile ki\u015fisel verilerinizi KVKK ve ilgili di\u011fer mevzuata uygun \u015fekilde i\u015flemekteyiz.<\/p>\n<p><strong>2. Ki\u015fisel Verilerinizin Toplanma Y\u00f6ntemi ve Hukuki Sebebi<\/strong><br \/>\nKi\u015fisel verileriniz, NFA\u2019n\u0131n web sayfalar\u0131nda bulunan ileti\u015fim, mailing ve telefon ile taraf\u0131m\u0131zla payla\u015fm\u0131\u015f oldu\u011funuz bilgileriniz, NFA taraf\u0131ndan yetkili olarak belirlenmi\u015f veri i\u015fleyen s\u0131fat\u0131n\u0131 haiz ger\u00e7ek ve\/veya t\u00fczel ki\u015filer taraf\u0131ndan e-mail, fiziki form ve evrak, telefon, web sayfalar\u0131, \u00e7e\u015fitli s\u00f6zle\u015fmeler ile otomatik \u2013 yar\u0131 otomatik olan veya olmayan yollarla, yaz\u0131l\u0131, s\u00f6zl\u00fc veya elektronik olarak KVKK m.5 ve m.6\u2019da yer alan \u015fartlar ve hukuki sebepler ile toplanabilmektedir.<\/p>\n<p><strong>3. Ki\u015fisel Verilerinizin \u0130\u015flenme Ama\u00e7lar\u0131<\/strong><br \/>\nKi\u015fisel verileriniz KVKK m.4\u2019te \u00f6ng\u00f6r\u00fclen ilkelere ve KVKK m.5 ve m.6\u2019da h\u00fck\u00fcm alt\u0131na al\u0131nan \u015fartlara uygun \u015fekilde i\u015flenebilecektir.<\/p>\n<ul>\n<li>\u0130\u015fin, sekt\u00f6rel yasal d\u00fczenlemelerle uyumlu \u015fekilde y\u00fcr\u00fct\u00fclebilmesi,<\/li>\n<li>Yasal ve s\u00f6zle\u015fmesel y\u00fck\u00fcml\u00fcl\u00fcklerin yerine getirilebilmesi,<\/li>\n<li>Web sayfas\u0131 \u00fczerinden sunulan faaliyetlerin daha iyi hale getirilebilmesi ve geli\u015ftirilebilmesi,<\/li>\n<li>\u00c7evrimi\u00e7i ileti\u015fim kanallar\u0131 vas\u0131tas\u0131yla a\u00e7\u0131k r\u0131zan\u0131z dahilinde bizimle payla\u015fm\u0131\u015f oldu\u011funuz ki\u015fisel verileriniz ile size ula\u015f\u0131lmas\u0131,<\/li>\n<li>NFA\u2019n\u0131n i\u015f s\u00fcre\u00e7lerine ili\u015fkin stratejilerin belirlenmesi ve tatbik edilmesi,<\/li>\n<li>NFA ile i\u015f ortakl\u0131\u011f\u0131 ve\/veya ticari ortakl\u0131k ili\u015fkisi kurmu\u015f ger\u00e7ek ve\/veya t\u00fczel ki\u015filerin hukuki, idari ve ticari g\u00fcvenli\u011finin temini ama\u00e7lar\u0131 ile i\u015flenebilecektir.<\/li>\n<\/ul>\n<p><strong>4. Ki\u015fisel Verilerin Aktar\u0131lmas\u0131<\/strong><br \/>\nKi\u015fisel verileriniz, yurt i\u00e7inde veya yurt d\u0131\u015f\u0131nda; NFA\u2019n\u0131n i\u015f birli\u011fi i\u00e7inde oldu\u011fu taraflara, NFA\u00a0ad\u0131na hizmet sa\u011flayan ger\u00e7ek ve\/veya t\u00fczel ki\u015filere, kanunen yetkili kamu kurum ve kurulu\u015flar\u0131na, i\u015f ortaklar\u0131na; KVKK\u2019n\u0131n 8. ve 9. maddelerinde belirtilen ki\u015fisel veri i\u015fleme \u015fartlar\u0131na ve Kurul kararlar\u0131na uygun olarak;<\/p>\n<ul>\n<li>\u0130\u015fin, sekt\u00f6rel yasal d\u00fczenlemelerle uyumlu \u015fekilde y\u00fcr\u00fct\u00fclebilmesi,<\/li>\n<li>Yasal ve s\u00f6zle\u015fmesel y\u00fck\u00fcml\u00fcl\u00fcklerin yerine getirilebilmesi,<\/li>\n<li>Web sayfas\u0131 \u00fczerinden sunulan faaliyetlerin daha iyi hale getirilebilmesi ve geli\u015ftirilebilmesi,<\/li>\n<li>\u00c7evrimi\u00e7i ileti\u015fim kanallar\u0131 vas\u0131tas\u0131yla ve a\u00e7\u0131k r\u0131zan\u0131z dahilinde bizimle payla\u015fm\u0131\u015f oldu\u011funuz ki\u015fisel verileriniz ile size ula\u015f\u0131lmas\u0131,<\/li>\n<li>NFA\u2019n\u0131n i\u015f s\u00fcre\u00e7lerine ili\u015fkin stratejilerin belirlenmesi ve tatbik edilmesi,<\/li>\n<li>NFA ile i\u015f ortakl\u0131\u011f\u0131 ve\/veya ticari ortakl\u0131k ili\u015fkisi kurmu\u015f ger\u00e7ek ve\/veya t\u00fczel ki\u015filerin hukuki, idari ve ticari g\u00fcvenli\u011finin temini ama\u00e7lar\u0131 ile aktar\u0131labilecektir.<\/li>\n<\/ul>\n<p><strong>5. KVKK Kapsam\u0131ndaki Haklar\u0131n\u0131z<\/strong><\/p>\n<p><strong>KVKK m.11 \u00e7er\u00e7evesinde a\u015fa\u011f\u0131daki haklara sahipsiniz;<\/strong><\/p>\n<ul>\n<li>Ki\u015fisel verilerinizin i\u015flenip i\u015flenmedi\u011fini \u00f6\u011frenme,<\/li>\n<li>Ki\u015fisel verileriniz i\u015flenmi\u015fse buna ili\u015fkin bilgi talep etme,<\/li>\n<li>Ki\u015fisel verilerinizin i\u015flenme amac\u0131n\u0131 ve bunlar\u0131n amac\u0131na uygun kullan\u0131l\u0131p kullan\u0131lmad\u0131\u011f\u0131n\u0131 \u00f6\u011frenme,<\/li>\n<li>Yurt i\u00e7inde veya yurt d\u0131\u015f\u0131nda ki\u015fisel verilerin aktar\u0131ld\u0131\u011f\u0131 \u00fc\u00e7\u00fcnc\u00fc ki\u015fileri bilme,<\/li>\n<li>Ki\u015fisel verilerin eksik veya yanl\u0131\u015f i\u015flenmi\u015f olmas\u0131 h\u00e2linde bunlar\u0131n d\u00fczeltilmesini, d\u00fczeltme i\u015fleminin ki\u015fisel verilerin aktar\u0131ld\u0131\u011f\u0131 \u00fc\u00e7\u00fcnc\u00fc ki\u015filere bildirilmesini isteme,<\/li>\n<li>Yasal s\u0131n\u0131rlar hari\u00e7 olmak \u00fczere Kanunun 7. maddesinde \u00f6ng\u00f6r\u00fclen \u015fartlar \u00e7er\u00e7evesinde ki\u015fisel verilerinizin silinmesini veya yok edilmesini ve bu durumun ki\u015fisel verilerin aktar\u0131ld\u0131\u011f\u0131 \u00fc\u00e7\u00fcnc\u00fc ki\u015filere bildirilmesini isteme,<\/li>\n<li>\u0130\u015flenen verilerinizin m\u00fcnhas\u0131ran otomatik sistemler vas\u0131tas\u0131yla analiz edilmesi suretiyle kendiniz aleyhine bir sonucun ortaya \u00e7\u0131kmas\u0131na itiraz etme,<\/li>\n<li>Ki\u015fisel verilerinizin kanuna ayk\u0131r\u0131 olarak i\u015flenmesi sebebiyle zarara u\u011framan\u0131z h\u00e2linde zarar\u0131n giderilmesini talep etme.<\/li>\n<\/ul>\n<p><strong>6. Ayd\u0131nlatma Metninde Yer Almayan Hususlar<\/strong><br \/>\n\u0130\u015fbu ayd\u0131nlatma metninde yer almayan hususlarda 6698 say\u0131l\u0131 KVKK, ilgili di\u011fer mevzuat, NFA Veri \u0130\u015fleme Politikas\u0131 ve NFA Veri Saklama ve \u0130mha Politikas\u0131 h\u00fck\u00fcmleri uygulanacakt\u0131r.<\/p>\n<\/div><\/div><\/div><div class=\"fusion-clearfix\"><\/div><\/div><\/div><\/div><\/div><\/div>\n","protected":false},"excerpt":{"rendered":"","protected":false},"author":1,"featured_media":500,"parent":0,"menu_order":0,"comment_status":"closed","ping_status":"closed","template":"100-width.php","meta":{"footnotes":""},"class_list":["post-2502","page","type-page","status-publish","has-post-thumbnail","hentry"],"_links":{"self":[{"href":"https:\/\/nfa.com.tr\/index.php\/wp-json\/wp\/v2\/pages\/2502","targetHints":{"allow":["GET"]}}],"collection":[{"href":"https:\/\/nfa.com.tr\/index.php\/wp-json\/wp\/v2\/pages"}],"about":[{"href":"https:\/\/nfa.com.tr\/index.php\/wp-json\/wp\/v2\/types\/page"}],"author":[{"embeddable":true,"href":"https:\/\/nfa.com.tr\/index.php\/wp-json\/wp\/v2\/users\/1"}],"replies":[{"embeddable":true,"href":"https:\/\/nfa.com.tr\/index.php\/wp-json\/wp\/v2\/comments?post=2502"}],"version-history":[{"count":3,"href":"https:\/\/nfa.com.tr\/index.php\/wp-json\/wp\/v2\/pages\/2502\/revisions"}],"predecessor-version":[{"id":2516,"href":"https:\/\/nfa.com.tr\/index.php\/wp-json\/wp\/v2\/pages\/2502\/revisions\/2516"}],"wp:featuredmedia":[{"embeddable":true,"href":"https:\/\/nfa.com.tr\/index.php\/wp-json\/wp\/v2\/media\/500"}],"wp:attachment":[{"href":"https:\/\/nfa.com.tr\/index.php\/wp-json\/wp\/v2\/media?parent=2502"}],"curies":[{"name":"wp","href":"https:\/\/api.w.org\/{rel}","templated":true}]}}